{"id":8,"date":"2018-08-29T03:53:51","date_gmt":"2018-08-29T11:53:51","guid":{"rendered":"http:\/\/jasonhall.ca\/music\/?page_id=8"},"modified":"2025-08-25T19:28:24","modified_gmt":"2025-08-25T23:28:24","slug":"home","status":"publish","type":"page","link":"http:\/\/jasonhall.ca\/music\/","title":{"rendered":""},"content":{"rendered":"\n<div class=\"wp-block-image\"><figure class=\"alignright size-large is-resized\"><img loading=\"lazy\" decoding=\"async\" src=\"https:\/\/jasonhall.ca\/music\/wp-content\/uploads\/2025\/08\/Jason-Tarogato-crop.png\" alt=\"\" class=\"wp-image-30379\" width=\"466\" height=\"386\" srcset=\"http:\/\/jasonhall.ca\/music\/wp-content\/uploads\/2025\/08\/Jason-Tarogato-crop.png 621w, http:\/\/jasonhall.ca\/music\/wp-content\/uploads\/2025\/08\/Jason-Tarogato-crop-300x249.png 300w\" sizes=\"(max-width: 466px) 100vw, 466px\" \/><\/figure><\/div>\n\n\n\n<p><strong>Jason Hall<\/strong> is a Canadian clarinettist, t\u00e1rogat\u00f3 player, and educator whose career spans major orchestras, international festivals, and new music collaborations. Trained at the University of Toronto\u2019s Faculty of Music and the Banff Centre for the Arts, with further mentorship from Wes Foster, Joaquin Valdepe\u00f1as, Alois Brandhofer, and B\u00e9la Kov\u00e1cs, he has built a career rooted in both tradition and innovation. Alongside performing, he shares his expertise through teaching and writing about music, culture, and history. <\/p>\n\n\n\n<p>In October 2020, the CD <a rel=\"noopener\" href=\"https:\/\/redshiftmusicsociety.bandcamp.com\/album\/my-soul-upon-my-lips\" target=\"_blank\">My Soul upon My Lips<\/a> was released which featured Jeffrey Ryan&#8217;s&nbsp;<em>Arbutus,&nbsp;<\/em>a work I commissioned for t\u00e1rogat\u00f3 and piano and performed.<\/p>\n\n\n\n<p>Read more: <a href=\"http:\/\/jasonhall.ca\/music\/wp-content\/uploads\/2024\/12\/Music-Jason-Hall.pdf\" data-type=\"URL\" target=\"_blank\" rel=\"noreferrer noopener\">Read my c.v. for an in-depth dive.<\/a><\/p>\n\n\n\n<div class=\"wp-block-image is-style-default\"><figure class=\"aligncenter size-large\"><img loading=\"lazy\" decoding=\"async\" width=\"250\" height=\"167\" src=\"https:\/\/jasonhall.ca\/music\/wp-content\/uploads\/2025\/08\/Clarinets.png\" alt=\"\" class=\"wp-image-30407\"\/><\/figure><\/div>\n","protected":false},"excerpt":{"rendered":"<p>Jason Hall is a Canadian clarinettist, t\u00e1rogat\u00f3 player, and educator whose career spans major orchestras, international festivals, and new music collaborations. Trained at the University of Toronto\u2019s Faculty of Music and the Banff Centre for the Arts, with further mentorship from Wes Foster, Joaquin Valdepe\u00f1as, Alois Brandhofer, and B\u00e9la Kov\u00e1cs, he has built a career [&hellip;]<\/p>\n","protected":false},"author":2,"featured_media":0,"parent":0,"menu_order":0,"comment_status":"closed","ping_status":"closed","template":"","meta":{"footnotes":""},"_links":{"self":[{"href":"http:\/\/jasonhall.ca\/music\/wp-json\/wp\/v2\/pages\/8"}],"collection":[{"href":"http:\/\/jasonhall.ca\/music\/wp-json\/wp\/v2\/pages"}],"about":[{"href":"http:\/\/jasonhall.ca\/music\/wp-json\/wp\/v2\/types\/page"}],"author":[{"embeddable":true,"href":"http:\/\/jasonhall.ca\/music\/wp-json\/wp\/v2\/users\/2"}],"replies":[{"embeddable":true,"href":"http:\/\/jasonhall.ca\/music\/wp-json\/wp\/v2\/comments?post=8"}],"version-history":[{"count":33,"href":"http:\/\/jasonhall.ca\/music\/wp-json\/wp\/v2\/pages\/8\/revisions"}],"predecessor-version":[{"id":30408,"href":"http:\/\/jasonhall.ca\/music\/wp-json\/wp\/v2\/pages\/8\/revisions\/30408"}],"wp:attachment":[{"href":"http:\/\/jasonhall.ca\/music\/wp-json\/wp\/v2\/media?parent=8"}],"curies":[{"name":"wp","href":"https:\/\/api.w.org\/{rel}","templated":true}]}}